t a be 3*(76/(-6) - 3). Let z = x + a. Is 18 a factor of z?
True
Let p(t) = -t**2 - 8*t - 9. Does 6 divide p(-4)?
False
Suppose 2*n + 214 = 2*i - 0*n, -5*n + 437 = 4*i. Let j = -14 - -19. Suppose u = j*u - i. Is 13 a factor of u?
False
Let v(i) = 83*i**2. Is 27 a factor of v(1)?
False
Let i be (3 - (2 + -1)) + 1. Does 4 divide (-4)/(i/(2 - 5))?
True
Suppose 9 = a - 5*m, -a + 1 = 5*m + 2. Is 1/(-4) - (-73)/a a multiple of 10?
False
Is (-352)/(-10) + 13/(-65) a multiple of 9?
False
Suppose 0*c = 5*c - 120. Is 8 a factor of c?
True
Suppose 0 = 5*i - 19 - 36. Suppose i = 4*n - 9. Is 4 a factor of n?
False
Let h(s) = s + 6 + s + s - s**2. Let k be h(6). Does 5 divide 3*6/(-9) - k?
True
Let j(s) be the first derivative of 2*s**3/3 - 3*s**2/2 + 6*s - 2. Does 13 divide j(4)?
True
Let w be (-2)/(-8)*-2*-4. Is 9 a factor of (6/(-4))/(w/(-12))?
True
Suppose -q - 3*q = 8. Let w be 36/16 - q/(-8). Suppose 4*b = -2*c + 30 + 46, 4*c = w*b + 172. Is 21 a factor of c?
True
Let s = 195 + -120. Is 10 a factor of s?
False
Let p = -358 - -654. Is 37 a factor of p?
True
Let v = -44 + 85. Is v a multiple of 14?
False
Let w(o) = o**3 - 11*o**2 - 7*o + 10. Is w(12) a multiple of 14?
True
Suppose -3*n + 10 = -2. Let g = n - 4. Suppose 0 = -q + 2*s + 25, 4*q - 85 = -g*q + 5*s. Does 6 divide q?
False
Suppose 2*p - 5*p + 12 = 0. Let f be 1/(-4) - (-9)/p. Suppose 0 = f*c - 0*c - 8. Does 4 divide c?
True
Suppose 2 - 6 = -y. Let r(n) = -31*n - 6. Let i be r(-6). Suppose y*d - i = -d. Does 18 divide d?
True
Suppose -11*p + 1947 = -528. Is p a multiple of 15?
True
Does 12 divide 60/(-1)*(2 - 3)?
True
Suppose 2*x + 5*f = -0*f + 31, -30 = -5*x - 3*f. Let b = x + -2. Is 5 a factor of 21*b + (1 - 3)?
False
Is 7 a factor of (-14)/(-98) + (-488)/(-14)?
True
Let l(s) = s**3 - 5*s**2 - 7*s + 8. Let k be l(6). Let z(j) = j + 4. Let y be z(11). Is 2 a factor of 40/y*3/k?
True
Suppose 18 = 3*l - 0*l. Let h(x) = 2*x - 8. Let z be h(l). Suppose -m + 25 = z*m. Does 5 divide m?
True
Let k(x) = 64*x + 16. Is 26 a factor of k(3)?
True
Let s(q) = 2*q. Let r be s(2). Let d = r - 0. Suppose -4*t = 4*n + 4, -3*t - 1 - 5 = d*n. Does 2 divide t?
True
Let u = 16 - 11. Let i = 17 - u. Suppose -2*h + i = h. Does 2 divide h?
True
Let n(y) = -y - 1. Let s be (-1)/(-3*(-2)/6). Let g be n(s). Suppose -12 = -5*m + 2*l - 6*l, 2*m + 4*l = g. Is 4 a factor of m?
True
Suppose -24 = 3*m - 0. Let y = 42 - m. Suppose 11 = -3*a + y. Is a a multiple of 13?
True
Let m be ((-3)/(-3 + 0))/(-1). Let a be -2 - 1 - -12 - m. Is a/(-4)*(-11 + 7) a multiple of 10?
True
Let x = 72 - 66. Does 3 divide x?
True
Suppose 0 = 6*q - q - 400. Does 20 divide q?
True
Let c(k) = -k**3 - 7*k**2 - 5*k + 4. Let a be c(-6). Let x(o) = 10*o**2 - o + 1. Does 17 divide x(a)?
False
Suppose -3*l - 3*n = -0*n - 6, 9 = 4*l + 3*n. Does 2 divide l?
False
Let r = 6 + 11. Let d = r - -18. Is 16 a factor of d?
False
Let v(h) = -2*h - 4. Let p be v(-3). Is 6 a factor of (p + 8)*(-12)/(-10)?
True
Suppose -5 - 4 = 3*h - 5*m, 0 = -2*h - 3*m + 13. Suppose -6 - 58 = 4*g. Let z = h - g. Is 9 a factor of z?
True
Let d(q) = 16*q**2 - 2*q + 6. Let p(y) = 17*y**2 - 2*y + 7. Let f(t) = -7*d(t) + 6*p(t). Let u be f(2). Let s = 63 + u. Is s a multiple of 16?
False
Suppose 6*i = -5 + 311. Is i a multiple of 3?
True
Let r be 1 + -2 + 1*98. Let g = r - 58. Is g a multiple of 21?
False
Suppose -5*j + 187 = -53. Is j a multiple of 16?
True
Suppose 0 = 4*z + z - 840. Suppose d = -3*d + z. Is 11 a factor of d?
False
Let v(m) = 12*m. Is 9 a factor of v(3)?
True
Let m(w) = w**3 + 6*w**2 - 3*w - 5. Let n be m(-5). Suppose 2*o + n = 7*o. Is o a multiple of 7?
True
Let n(y) = -4*y**2 + 3*y + 9. Let x be n(7). Does 9 divide 8/(-36) - x/18?
True
Let b be 40/6*(-9)/6. Let x = b - -30. Is 4 a factor of x?
True
Suppose -4*o + b + 194 = 0, 2*o - b = 3*o - 51. Suppose -4*a = 5*h - o, 3*h - 26 = -0*a + a. Does 7 divide h?
False
Let f be -1 - (6/(-2) - -2). Suppose -5*p + 4*a + 35 = -f*a, -37 = -4*p + 5*a. Does 2 divide p?
False
Let w(z) = -2*z**2 - 50*z + 23. Is 31 a factor of w(-22)?
True
Let l(r) = r**2 - r - 5. Let s = -10 - -15. Does 8 divide l(s)?
False
Is 33 a factor of 132/(-10)*(-120)/16?
True
Suppose 2*m = 5*r + 4*m - 135, 54 = 2*r - 2*m. Is r a multiple of 13?
False
Let j be (-1)/(-1 - 290/(-289)). Let f be j/(-2) + 2/4. Suppose -3*n + 7*n - f = 5*v, 0 = 3*v - 9. Is n a multiple of 14?
False
Let k = -8 - -31. Does 6 divide k?
False
Suppose 4*f - 118 = 86. Suppose -f = 2*i + 9. Let b = 33 - i. Does 23 divide b?
False
Let s(x) = x**3 - x**2 + 1. Let g be s(2). Let w = g - 0. Is w a multiple of 5?
True
Let b(x) = x**2 + 5*x + 5. Let r(g) = -g**2 - 9*g - 9. Let l(w) = 11*b(w) + 6*r(w). Is 2 a factor of l(-1)?
False
Let z = 0 + -1. Is (7/14)/(z/(-50)) a multiple of 14?
False
Let x(h) = -3*h**3 - h**3 + 3*h**3 + h + 2 + h**2 + 7. Let r be (-2)/7 - (-4)/14. Is 7 a factor of x(r)?
False
Does 33 divide ((30/(-5))/(-1))/(2/77)?
True
Let t(q) be the second derivative of -q**4/12 - 8*q**3/3 - 3*q**2/2 + 6*q. Is t(-9) a multiple of 16?
False
Let g(z) = -z + 8. Suppose 2*s - 4*t + 69 = 29, 5*t + 5 = -3*s. Let a be g(s). Suppose -5*i + a - 3 = 0. Is 3 a factor of i?
True
Let u = 57 + -273. Is (u/(-4))/((-2)/(-3)) a multiple of 27?
True
Suppose -88 = -v + w, 5*v - 4*w = -2*w + 440. Is 11 a factor of v?
True
Let z(g) = g**3 - 4 - 4*g - 2*g**3 - g + 7*g**2. Does 7 divide z(5)?
True
Suppose 16 = 4*k, -3*k - 168 = -3*i - 6*k. Is 26 a factor of i?
True
Is 27 a factor of ((-1 - -5) + 5)/(1/9)?
True
Suppose 3*s + 5*y - 29 = 0, 6*s = 2*s + 5*y - 8. Suppose 0 = -s*p + m + 278, 0 = -3*p - 4*m + 217 + 51. Is p a multiple of 26?
False
Let q(b) = 29*b**2 + 2*b + 1. Suppose -4*y + 19 = -3*h, 3*h - y + 0*y = -7. Is 11 a factor of q(h)?
False
Is -3 + 3 + 0 - -42 a multiple of 22?
False
Let w be 2/(-4) - (-9)/2. Suppose -t = w, t - 2 = 2*z + 4*t. Suppose -4*f + 22 = n - 2*f, z*f = -n + 7. Is 9 a factor of n?
False
Let m be (54/30)/((-1)/(-5)). Does 7 divide 18 + 1 + m/(-3)?
False
Let u(p) = -63*p - 2. Is u(-1) a multiple of 16?
False
Let y = -5 - -11. Let n(s) = -13*s**3 + 17*s**2 + 4*s - 2. Let r(w) = -7*w**3 + 9*w**2 + 2*w - 1. Let o(i) = y*n(i) - 11*r(i). Does 15 divide o(-2)?
True
Let s = 36 - -29. Is s a multiple of 13?
True
Suppose 5*x = 25, 0 = -2*d + 2*x + 82 + 332. Let m(a) = 2*a**2 - 24*a + 4. Let v be m(12). Suppose -d = -v*j - b, -2*b - 103 + 41 = -j. Is j a multiple of 19?
False
Let t(z) = -5*z**2 - 7*z + 2. Let b(x) = -x. Let l(r) = 6*b(r) - t(r). Let c(q) = q**3 + 4*q**2 - 4*q + 3. Let i be c(-5). Is l(i) a multiple of 10?
False
Let g = 22 - 7. Let d = g + -3. Let u = -6 + d. Is u a multiple of 3?
True
Let w(i) = -2 - 2 + 0*i**3 + i**3 - 5*i + 2*i**2. Let u be w(-3). Is 13 a factor of (u - -1 - -7)*5?
False
Suppose 4*q + 12 = 128. Let p be q - (1 - 1 - 0). Suppose 2*o = 4*u + o - 73, -2*u - o = -p. Is 11 a factor of u?
False
Suppose 0 = 5*j + 3*v - 2*v + 14, 5*j + 30 = -5*v. Let n be (-6)/j*(-2 - -1). Let t(f) = -3*f**3 - 4*f**2 - 3*f - 4. Is t(n) a multiple of 25?
True
Does 2 divide ((-38)/(-95))/((-2)/(-20))?
True
Let p(s) = s**2 - 6*s + 224. Does 32 divide p(0)?
True
Is 4 + (54 - (-4 - -3)) a multiple of 12?
False
Suppose 1 = -6*h + 379. Is h a multiple of 21?
True
Let m(n) = n**3 + 7*n**2 - 6*n - 2. Does 10 divide m(-7)?
True
Suppose -5*u - 9 = -2*u. Let t(f) = f**2 + 5*f + 3. Let p be t(u). Let g = p + 17. Is 8 a factor of g?
False
Let d = 325 + -189. Suppose 3*o = o + d. Does 14 divide o?
False
Suppose r + 0 = -8. Let y(i) = -i**3 + 14*i**2 + 9. Let c(q) = 3*q**3 - 41*q**2 - q - 27. Let o(k) = r*y(k) - 3*c(k). Is o(11) a multiple of 14?
True
Suppose 0 = f + 5*t - 16, 5*f + 6 - 26 = -5*t. Let h(w) = 35*w**3 + 2*w - 1. Is 18 a factor of h(f)?
True
Let h be (14 + -14)*(-1)/(-3). Suppose 0 = c + 3*r - r - 19, h = 4*c - r - 103. Does 5 divide c?
True
Let g = 631 - 446. Does 46 divide g?
False
Let t be -1 - (-2 - -1)*-7. Is 13 a factor of (-2)/t - (-155)/4?
True
Suppose -2*b + 5*g = -130, -6*b + 2*g = -2*b - 244. Suppose -w + b = -6*w. Let f = 0 - w. Is f a multiple of 12?
True
Is 17 a factor of (0 + 0 + (2 - 1))*199?
False
Suppose 5*c - 2*c - 5 = i, -3*c = 5*i - 11. Does 3 divide (-3)/1 - (-14 + c)?
True
Suppose -3*a - 3 = -18. Is a a multiple of 4?
False
Let n = 1131 + -759. Is n a mult